 4*g + q + q + 20. Let x = g + 9. Suppose -x*f = -2*k + 28, 26 = 4*k + 5*f - 48. Calculate the remainder when 46 is divided by k.
14
Suppose 6*f = 11*f - 360. Let b = 69 + -50. Calculate the remainder when f is divided by b.
15
Suppose -199 + 521 = 23*r. Calculate the remainder when 177 is divided by r.
9
Let f = 38 + -59. What is the remainder when 47 is divided by 3/2*(-224)/f?
15
Suppose -3*s + 3 = -2*c - 4, -c + 9 = s. Suppose -4*d - 3*z + 365 = 0, s*d + 3*z = 8*z + 430. Calculate the remainder when d is divided by 23.
20
Let d be 2 + -7 + 1 + 25. Let t = 28 - d. Suppose -5*y + t = -f - 2, 3*y = 5*f + 1. What is the remainder when 5 is divided by y?
1
Suppose -j - 4*g - g = 18, 30 = 5*j - 5*g. Suppose 0 = -3*v + x + 14, j = -3*v + 4*v + x. Calculate the remainder when 30 is divided by v.
2
Suppose b + 3*i - 44 = 0, -22 = 3*b + 5*i - 134. Let h(f) = -f - 8 + 254*f**3 - 255*f**3 + 19 + f**2. Calculate the remainder when b is divided by h(0).
7
Let z = 1186 + -908. What is the remainder when z is divided by 31?
30
Suppose -314 = 24*c - 986. What is the remainder when 119 is divided by c?
7
Let v = 194 + 661. What is the remainder when v is divided by 143?
140
Let s(t) = -t**3 + 46*t**2 + 9*t - 58. Calculate the remainder when s(46) is divided by 17.
16
Let r(k) be the third derivative of 17*k**5/30 + k**4/24 + k**3/6 + 13*k**2. What is the remainder when 135 is divided by r(-1)?
33
Suppose 0 = 848*r - 859*r + 253. Calculate the remainder when r is divided by 8.
7
Suppose 58 = 2*m - 40. Calculate the remainder when 439 is divided by m.
47
Suppose 3*c - 19 = -2*t, c = 3*t - 0*c - 23. Suppose -3*w = -4*w - t. Let k(p) = -2*p - 2. Calculate the remainder when k(w) is divided by 8.
6
Suppose 0*r + 18 = 3*r. Let f(z) = z**2 - 50*z + 513. What is the remainder when f(36) is divided by r?
3
Let j(f) = -f**3 + 16*f**2 + 6*f - 46. Calculate the remainder when 129 is divided by j(16).
29
Let z(r) = 3*r - 5*r**2 + 0*r**2 + 0*r + 4*r**2 + 10. What is the remainder when 23 is divided by z(0)?
3
Let f = -165 + 192. What is the remainder when f is divided by 3?
0
Calculate the remainder when (0 - -58)*(-10)/(-20) is divided by (1 - 7)/((-27)/36).
5
Let q(p) be the first derivative of p**3 - 7*p**2/2 + 4*p - 1. Suppose -3*v - 3*c = -42, 57 = 2*v + 2*v + 3*c. What is the remainder when q(5) is divided by v?
14
Let k = -191 - -237. What is the remainder when 73 is divided by k?
27
Let f = -595 - -947. Calculate the remainder when f is divided by 13.
1
Let v(u) = -u**3 - 8*u**2 + 14*u + 32. What is the remainder when v(-10) is divided by 42?
8
Suppose 26 = -4*m + 54. What is the remainder when 59 is divided by m?
3
Suppose -c + 460 = -5*r - 191, 691 = c + 5*r. What is the remainder when c is divided by 16?
15
Let l = 310 - 299. What is the remainder when 53 is divided by l?
9
Suppose 0 = u - 27 - 49. What is the remainder when 377 is divided by u?
73
Suppose 0 = 2*y - 29 + 5. Let p(w) = 2*w + 3. Let v(o) = 2*o**2 + 2*o - 2. What is the remainder when p(y) is divided by v(2)?
7
Let v = 19 + -15. Calculate the remainder when 14 is divided by 3/v*4 + 2.
4
Suppose 3*p + m + 8 = -3*m, -13 = 3*p - m. Let u be 1/p - 1053/(-36). Let q = u - 1. What is the remainder when q is divided by 6?
4
Let l(z) = 10 + 20*z - 16*z**3 + 15*z**3 + 20*z**2 - 13*z**2. Calculate the remainder when l(9) is divided by 10.
8
Suppose -2*b = 7*o - 2*o + 11, 0 = 3*b - 2*o - 12. Suppose 9*s = b*s + 63. Calculate the remainder when 23 is divided by s.
5
Let n(i) = i - 24. Let a(s) = -4*s + 71. Let j(g) = -4*a(g) - 14*n(g). What is the remainder when j(-18) is divided by 3?
1
Let a be (-49 - 0)*1 + -2. Let w = 104 + a. Calculate the remainder when w is divided by 27.
26
Suppose -3*r - 30 = -168. Suppose -41 = -3*t + 4*o, 3*t = 5*o - 0 + r. Let w(y) = 8*y**2 - 160*y + 33. Calculate the remainder when w(20) is divided by t.
5
Suppose -3*f - 3*b = -b - 71, b - 24 = -f. Suppose 5*d - w = 60, 5*d = 5*w + 18 + 42. What is the remainder when f is divided by d?
11
Suppose -k = -57 + 55. Suppose -2*c - k*n = -n - 78, -5*c + 195 = 2*n. Calculate the remainder when 115 is divided by c.
37
Suppose 14*t + 5*h - 160 = 12*t, -4*t + 2*h + 272 = 0. Calculate the remainder when t is divided by 9.
7
Suppose -279 = -26*g - 19. Let y(d) = -d**3 - 6*d**2 + 4*d - 3. What is the remainder when y(-7) is divided by g?
8
Calculate the remainder when 152/2 + 13/((-13)/3) is divided by 5.
3
Let q(s) = -s**2 - 4*s - 1. Let c be q(-3). Let z(u) = -u**3 + 8*u**2 + 3*u - 1. What is the remainder when 132/9*9/c is divided by z(8)?
20
Let l be 17/5 + (-2)/5. Suppose -74 = -l*t - 20. Calculate the remainder when 34 is divided by t.
16
Suppose 4*l = 1449 + 4467. Calculate the remainder when l is divided by 148.
147
Let r = -253 + 361. Suppose 0 = 5*l - 318 + r. What is the remainder when l is divided by -3 - (-33)/3 - -3?
9
Suppose 28 = -3*b + 7*b - 4*m, -5*m = 3*b - 13. Let a(i) = b - 3*i - 1 + 42. What is the remainder when a(0) is divided by 25?
22
Let t(r) = -79*r**3 - 3*r**2 - 6*r - 4. Calculate the remainder when t(-1) is divided by 9.
6
Let m(z) be the third derivative of -1/60*z**5 + 11/6*z**3 + 0 + 0*z + 7*z**2 + 1/24*z**4. Calculate the remainder when 21 is divided by m(0).
10
Let i = 382 - 352. Calculate the remainder when i is divided by 14.
2
Let k(p) = -2*p**2 - 30*p - 10. What is the remainder when k(-9) is divided by 11?
10
Suppose k - 4*k - 4*n + 14 = 0, -k = 2*n - 4. Suppose k*o - 7*o = -105. Calculate the remainder when o is divided by 9.
6
Let j = 10 + -6. Suppose 40 + 0 = j*l. Let p = 20 + l. What is the remainder when p is divided by 8?
6
Let v = 5 + 0. Let w = 73 + -40. What is the remainder when w is divided by v?
3
Let w = -18 - -35. Let o(c) = -c**3 + 13*c**2 - 11*c + 18. What is the remainder when o(12) is divided by w?
13
Let y(d) = -d - 2. Let s be y(-12). Suppose -3*t = -5*t + s. Calculate the remainder when -6 + t + 3*7 is divided by 11.
9
Let s(m) = -40*m + 1193. Let u = -6 + 11. Suppose -2*o = -0*o + 2, 4*z - u*o = 105. What is the remainder when s(28) is divided by z?
23
Let v = 0 - -2. Suppose v*l = 3*d, 24 = 2*l - 0*l + 3*d. Suppose -95 = -5*f - 15. What is the remainder when f is divided by l?
4
Let t(y) = -y**3 - y**2 - y + 1. Let v(s) = -12*s**3 - 2*s**2 - 4*s + 2. Let g(j) = -3*t(j) + v(j). Calculate the remainder when 37 is divided by g(-1).
7
Let b = -25 + 50. Suppose -18 = -q + 23. Suppose 3*u - q = 1. What is the remainder when b is divided by u?
11
Let r = 44 + -39. Suppose 3*a - 67 + 7 = -3*s, 80 = r*a + s. What is the remainder when 58 is divided by a?
13
Let a(n) = -n**2 - 40*n + 50. Calculate the remainder when 179 is divided by a(-41).
8
Suppose 42 = 12*i - 9*i. Let r(j) = j - 5. Let g be r(7). Suppose -g*v + 24 - 8 = 0. What is the remainder when i is divided by v?
6
Let q(a) = -a**3 + 6*a**2 + a - 3. Let t be q(6). Suppose 4*s = 2*s - p, -5*s + t*p = 22. What is the remainder when 19 is divided by (-20)/((-1)/s*-4)?
9
Let s(k) = -k**3 + 7*k**2 + k + 3. Calculate the remainder when 117 is divided by s(2).
17
Let y = 7624 - 7612. Let a = 10 + 22. Calculate the remainder when a is divided by y.
8
What is the remainder when 64 is divided by (32 + 10)*(-2)/(-3)?
8
Let t(g) = -g**3 - 7*g**2 - g + 8. Let s be t(-7). Suppose 2*q + 55 = 3*x - 3*q, 0 = -3*x + q + 71. Let l = x - s. What is the remainder when l is divided by 4?
2
Calculate the remainder when 83 is divided by 225/10 - (10/4 - 3).
14
Let y = 11 + -14. Let u be 55/25 + y/15. Suppose -u*k = 2*k - 92. What is the remainder when k is divided by 6?
5
Let w = 20 - -1. Suppose x + 4*x - b - 14 = 0, -9 = -2*x - 3*b. Let h = 9 + x. Calculate the remainder when w is divided by h.
9
Suppose 157*q = 151*q + 2742. What is the remainder when q is divided by 9?
7
Let c = 30 + -58. Let d = c + 33. Suppose -i = -d*i + 12. What is the remainder when 11 is divided by i?
2
Let r(c) = -51*c + 1. Let q be r(2). Let n = q + 142. Calculate the remainder when 120 is divided by n.
38
Let m(y) = 9*y + 27. What is the remainder when 43 is divided by m(-2)?
7
Let l(q) = -4*q - q + 9*q - 5. What is the remainder when 12/120*5 + (-114)/(-4) is divided by l(5)?
14
Suppose -4*b + 116 = -4*c, -7*b + 8*b + 5*c - 53 = 0. What is the remainder when b is divid